te the highest common divisor of 168 and 147.
21
Calculate the greatest common divisor of 1215 and 81.
81
What is the greatest common divisor of 6475 and 370?
185
Calculate the highest common factor of 204 and 4.
4
Calculate the greatest common divisor of 198 and 1710.
18
Calculate the highest common divisor of 32 and 88.
8
What is the greatest common divisor of 24 and 2364?
12
Calculate the greatest common factor of 184 and 207.
23
Calculate the greatest common divisor of 140 and 620.
20
What is the greatest common divisor of 4 and 254?
2
What is the highest common divisor of 2032 and 32?
16
Calculate the highest common divisor of 12741 and 279.
93
What is the highest common divisor of 42 and 266?
14
Calculate the highest common factor of 704 and 55.
11
What is the greatest common factor of 559 and 1161?
43
What is the highest common factor of 14 and 1918?
14
Calculate the highest common factor of 52 and 5798.
26
Calculate the greatest common factor of 168 and 3108.
84
What is the greatest common factor of 1040 and 182?
26
What is the greatest common divisor of 880 and 8096?
176
What is the highest common factor of 40 and 57340?
20
What is the highest common divisor of 357 and 139587?
357
Calculate the greatest common factor of 27 and 1098.
9
What is the greatest common factor of 130 and 12935?
65
What is the greatest common divisor of 1111 and 2525?
101
Calculate the highest common divisor of 385 and 84.
7
Calculate the greatest common divisor of 770 and 88.
22
What is the highest common factor of 4092 and 2356?
124
What is the greatest common divisor of 2748 and 204?
12
What is the highest common factor of 81 and 756?
27
What is the highest common factor of 170 and 68?
34
Calculate the highest common factor of 735 and 200.
5
Calculate the highest common factor of 2960 and 160.
80
What is the highest common factor of 1806 and 42?
42
What is the highest common divisor of 527 and 459?
17
What is the highest common factor of 22 and 4994?
22
What is the highest common factor of 672 and 42?
42
Calculate the greatest common divisor of 12 and 6.
6
Calculate the highest common divisor of 1227 and 3.
3
What is the highest common factor of 105677 and 143?
143
What is the highest common factor of 20 and 22580?
20
Calculate the greatest common divisor of 1120 and 10.
10
What is the highest common divisor of 72 and 522?
18
What is the highest common divisor of 2289 and 21?
21
Calculate the highest common factor of 72 and 32.
8
Calculate the highest common divisor of 8 and 5064.
8
What is the greatest common divisor of 882 and 27?
9
Calculate the greatest common divisor of 315 and 62685.
315
What is the highest common factor of 4012 and 68?
68
Calculate the highest common divisor of 38265 and 15.
15
What is the highest common factor of 30 and 1000?
10
What is the highest common divisor of 93 and 155?
31
What is the greatest common divisor of 102 and 3876?
102
Calculate the greatest common divisor of 30 and 1.
1
What is the highest common divisor of 806 and 26?
26
What is the highest common divisor of 8 and 4?
4
Calculate the greatest common divisor of 35 and 805.
35
Calculate the highest common factor of 159 and 53.
53
What is the highest common divisor of 8022 and 56?
14
What is the highest common factor of 2470 and 2090?
190
Calculate the highest common factor of 207 and 6.
3
Calculate the highest common factor of 74 and 185.
37
What is the greatest common factor of 2197 and 26?
13
Calculate the greatest common divisor of 608 and 32.
32
What is the highest common divisor of 9723 and 7?
7
Calculate the greatest common divisor of 57 and 54.
3
What is the greatest common factor of 12 and 204?
12
Calculate the highest common divisor of 121 and 2662.
121
Calculate the greatest common factor of 1930 and 15.
5
Calculate the highest common factor of 15 and 7905.
15
Calculate the highest common factor of 10648 and 88.
88
Calculate the highest common divisor of 6 and 3738.
6
Calculate the highest common divisor of 132 and 418.
22
Calculate the greatest common factor of 350 and 14.
14
What is the highest common factor of 27 and 1?
1
Calculate the greatest common factor of 240 and 40.
40
What is the greatest common divisor of 25 and 26050?
25
What is the greatest common factor of 92 and 1058?
46
Calculate the highest common divisor of 2405 and 91.
13
Calculate the greatest common divisor of 34 and 782.
34
What is the highest common factor of 8 and 2888?
8
Calculate the highest common factor of 81 and 6.
3
Calculate the highest common factor of 177 and 413.
59
What is the highest common divisor of 40 and 10?
10
What is the highest common factor of 48 and 10384?
16
Calculate the greatest common factor of 320 and 5.
5
What is the greatest common divisor of 1598 and 188?
94
What is the greatest common divisor of 74 and 185?
37
What is the greatest common factor of 19 and 4579?
19
What is the greatest common factor of 96 and 48?
48
What is the greatest common divisor of 216 and 6?
6
What is the greatest common divisor of 73 and 1?
1
Calculate the greatest common factor of 606 and 24.
6
Calculate the highest common divisor of 138 and 1219.
23
Calculate the greatest common divisor of 7928 and 8.
8
What is the highest common factor of 66 and 18711?
33
Calculate the greatest common divisor of 25365 and 285.
285
What is the highest common divisor of 338 and 17407?
169
What is the highest common factor of 30 and 570?
30
What is the greatest common factor of 885 and 8555?
295
What is the highest common factor of 196 and 1862?
98
What is the greatest common factor of 153 and 510?
51
What is the greatest common divisor of 8 and 51416?
8
What is the greatest common factor of 342 and 380?
38
Calculate the greatest common divisor of 289 and 17.
17
What is the greatest common factor of 2626 and 195?
13
Calculate the greatest common divisor of 299 and 2002.
13
Calculate the greatest common factor of 5 and 13.
1
Calculate the highest common divisor of 170 and 68.
34
What is the highest common divisor of 5 and 65?
5
Calculate the greatest common divisor of 1533 and 861.
21
What is the greatest common factor of 405 and 5?
5
Calculate the greatest common factor of 168 and 56.
56
What is the highest common factor of 19 and 17993?
19
What is the highest common factor of 58 and 783?
29
Calculate the greatest common divisor of 105 and 7350.
105
Calculate the greatest common divisor of 40 and 60.
20
Calculate the highest common divisor of 2259 and 9.
9
What is the highest common factor of 159 and 8374?
53
What is the highest common factor of 867 and 102?
51
What is the greatest common divisor of 664 and 415?
83
What is the highest common factor of 50 and 160?
10
What is the greatest common factor of 88 and 176?
88
What is the highest common divisor of 273 and 4134?
39
What is the greatest common divisor of 60 and 165?
15
What is the highest common divisor of 20 and 3640?
20
What is the greatest common factor of 12 and 3592?
4
What is the highest common divisor of 140 and 161?
7
Calculate the greatest common divisor of 91 and 21.
7
Calculate the greatest common divisor of 86 and 1161.
43
Calculate the greatest common factor of 910 and 826.
14
What is the highest common divisor of 496 and 3038?
62
What is the highest common factor of 3888 and 2187?
243
Calculate the greatest common factor of 420 and 255.
15
What is the highest common divisor of 53 and 583?
53
Calculate the highest common divisor of 6875 and 44.
11
Calculate the highest common divisor of 84 and 6447.
21
What is the greatest common factor of 845 and 26?
13
Calculate the greatest common factor of 1432 and 8.
8
Calculate the greatest common factor of 1052 and 1841.
263
Calculate the highest common divisor of 154 and 20.
2
Calculate the highest common divisor of 127 and 10541.
127
Calculate the highest common factor of 594 and 22.
22
What is the greatest common divisor of 44 and 484?
44
Calculate the highest common factor of 45 and 80.
5
Calculate the greatest common factor of 1564 and 544.
68
What is the greatest common divisor of 14 and 1414?
14
What is the highest common factor of 2148 and 24?
12
Calculate the greatest common divisor of 1918 and 7.
7
What is the highest common divisor of 9 and 7569?
9
Calculate the greatest 